actors of l.
11
Let w = 14599 - 6108. What are the prime factors of w?
7, 1213
Let g(s) = s + 15. Let k be g(-12). Suppose -5*q - 25 = 0, j + k*q - 36 - 141 = 0. Suppose -2*v = -p - 237, -663 + j = -4*v - p. List the prime factors of v.
2, 59
Suppose 8986 = -r + 4*m + 50748, -5*r - 2*m = -208788. What are the prime factors of r?
2, 20879
Suppose -6*s + 3687 = -5193. What are the prime factors of s?
2, 5, 37
Let s = 122 + -122. Suppose -727 = -3*j + 5*y, -5*j + s*j + 3*y = -1201. List the prime factors of j.
239
Let m be (-826)/6 - (-2)/(-6). Suppose 2*u - 3*n - 9 = 0, -573*n + 3 = -u - 574*n. Let o = u - m. List the prime factors of o.
2, 3, 23
Let k(l) = -l - 27. Let x be k(-12). Let d = x + 29. List the prime factors of (96/d)/((-7)/(-49)).
2, 3
Suppose 7*n = 3 + 11. Let m be 1/n - (-62)/4. Let i(o) = -2*o**3 + 32*o**2 + 10*o - 14. List the prime factors of i(m).
2, 73
Suppose -180*h + 185*h - 77785 = -5*q, -2*q = -9*h - 31202. List the prime factors of q.
5, 11, 283
List the prime factors of ((-615)/410)/((-6)/55072).
2, 1721
Let z = -101 - -21. List the prime factors of ((-188)/8 - 2)*z/6.
2, 5, 17
Let v be (-2)/(-6*(-8)/(-12))*2942. Let w = v - 921. What are the prime factors of w?
2, 5, 11
Suppose -5*y + 2*t = -630, y - 3*t - 10 = 129. Suppose 16*u - 1886 = 2226. Let q = u - y. What are the prime factors of q?
7, 19
Let m(f) = 41*f**2 + 283*f - 8. What are the prime factors of m(-19)?
2, 11, 107
Suppose 3*m + 4*g = 217089, -m + 564*g + 72356 = 563*g. What are the prime factors of m?
7, 10337
Suppose -720*d = -514*d - 5540576. What are the prime factors of d?
2, 41
What are the prime factors of (26098/(-6))/((-51)/153)?
13049
Let w(h) = -4*h**2 + 9082. List the prime factors of w(0).
2, 19, 239
Suppose -12*y = -7*y + 5, -4*u + 2*y = 3162. Let o = -310 - u. Let w = o + -327. List the prime factors of w.
2, 7, 11
Suppose -u - 154 = 3*s - 15491, 3*u = -24. What are the prime factors of s?
3, 5, 11, 31
Suppose 11822 - 2714 = 12*r. Suppose 192 = -r*g + 761*g. What are the prime factors of g?
2, 3
Suppose -5*k - 1237 = -4937. Suppose -49*h - k = -54*h. Suppose a - 124 = -3*p, 3*a - 4*p - 237 = h. List the prime factors of a.
127
Let k(s) = -50*s**2 + 2*s + 1. Suppose -4*t + 3*u + 20 = 0, -3*u = 5*t - 2*t + 6. Let w be k(t). Let l = 311 + w. What are the prime factors of l?
2, 29
Suppose 3*o + 6 + 39 = 0. Let c be (o/2)/(-2*9/60). Let f(w) = 6*w - 82. What are the prime factors of f(c)?
2, 17
Suppose -349 = -98*k + 43. Let v = -3 - -6. Suppose 0 = -h - v*d + 2 + 28, -2*h - k*d = -70. What are the prime factors of h?
3, 5
Let x be ((-21)/(-14)*-10)/(-1). Suppose x*j + 1024 = 5929. List the prime factors of j.
3, 109
Let q = 4192 + -898. What are the prime factors of q?
2, 3, 61
Let d = -102 + 107. Suppose -4*a + 6*p + 3380 = 8*p, 0 = 4*a - d*p - 3394. What are the prime factors of a?
2, 3, 47
Let i(a) = a**3 + 10*a**2 - 21*a - 30. Let g be i(-16). Let o = 813 - g. What are the prime factors of o?
3, 227
Let s(y) = y**3 - 28*y**2 + 34*y + 53. Let d be s(27). Let j = d + -89. What are the prime factors of j?
3, 17
Suppose 42573 = -343*g + 348*g - 3*x, 0 = -4*g + x + 34057. List the prime factors of g.
2, 3, 11, 43
Suppose 2*h - 5*w - 35 = -3*h, -8 = -2*h - w. Suppose 2*p + c + 1885 = 7*p, h*p + 2*c = 1885. List the prime factors of p.
13, 29
Let d = 178 + -162. Suppose d*s = 17*s - 230. What are the prime factors of s?
2, 5, 23
What are the prime factors of (-35)/(-21)*(-9)/(-45)*5988?
2, 499
Let b = 8 - 6. Suppose b*f = 4*f - 320. Suppose -6*m = -92 - f. What are the prime factors of m?
2, 3, 7
Let v = -36441 + 95566. List the prime factors of v.
5, 11, 43
Suppose 288 = -l + 7*l. Suppose 22 + l = -7*d. List the prime factors of (-6)/d - 18224/(-85).
5, 43
Suppose -5*g - 2*p = -9, -5*g - 4*p = p. What are the prime factors of g*2/(-3*6/(-606))?
2, 101
Let n = 66740 - 33346. What are the prime factors of n?
2, 59, 283
Let v(z) = 13*z**3 - 3*z + 3 + 19*z**2 - 18*z**2 - z. Let t be v(1). Suppose 339 = 8*s - t. What are the prime factors of s?
2, 11
Suppose 1793 = z - 4*n, 315*n - 8949 = -5*z + 319*n. What are the prime factors of z?
1789
Suppose -6*j + 2*j + 2*o + 12844 = 0, -o + 6418 = 2*j. Suppose 12*v = 6*v + j. What are the prime factors of v?
5, 107
Suppose 8 = -0*v - 2*v. Let l be (-14)/7*v*1. List the prime factors of 47/(4/(-4 + l)).
47
Let u(t) = t. Let x be u(2). Let w(c) = 2*c**3 - 3*c**2 - 1. Let l be w(x). Suppose -l*d - d + 624 = 0. List the prime factors of d.
2, 3, 13
Let i(o) = -o**2 - 7*o - 7. Let l be i(-5). Suppose 2*s - 3*u - 2335 = 0, 4650 = -l*s + 7*s - 2*u. Suppose -5*v = -9*v + s. List the prime factors of v.
2, 5, 29
Let l(f) = 12*f + 14. Let y(m) = -11*m - 15. Let t(h) = 4*l(h) + 3*y(h). Let p(r) = -2*r - 12. Let x be p(-7). List the prime factors of t(x).
41
Suppose 293*r - 571620 = 857634. List the prime factors of r.
2, 3, 271
Suppose 0*m - 2*m + 5*g + 67795 = 0, 4*g - 135548 = -4*m. What are the prime factors of m?
2, 5, 3389
List the prime factors of (20 + (-1600)/125)*465/1.
2, 3, 31
Let x(z) = -z**3 - 17*z**2 - 2*z - 21. Let g be x(-17). Let t(d) = -d**3 + 14*d**2 - d + 11. Let p be t(g). Let v = p + 30. What are the prime factors of v?
197
Let n(f) = -9*f**2 + 4*f - 4. Let x be n(2). Let w = x - 23. List the prime factors of 1*-3 - 11/(w/480).
3, 31
What are the prime factors of -1 + 21230/5 - 11?
2, 29, 73
Let a = 26557 - 3054. What are the prime factors of a?
19, 1237
Let r be (-1)/(10/(-3) - -3). Let h(k) = -22*k + 1 + 9*k + r*k**2 - 48*k**3 + 16*k. What are the prime factors of h(-1)?
7
Suppose 490*h - 489*h + 3*r = 20570, -102935 = -5*h + 2*r. List the prime factors of h.
5, 23, 179
Let h(d) = 5*d - 11. Let p be h(3). Suppose 0 = 2*i + 2*l + l - 708, 0 = p*i - l - 1444. What are the prime factors of i?
2, 3, 5
List the prime factors of (-11 + 10)*(-17)/(68/56568).
2, 3, 2357
Suppose 2*p - p = -3*o - 5, 5 = 2*p + o. Suppose p*z - 13 = 7, -3*r + 4*z = 29. What are the prime factors of 8/(-12) - 197/r?
5, 13
Let b = -7108 - -19412. List the prime factors of b.
2, 769
Suppose w + h + 2*h = -5, 2*w - 2*h + 2 = 0. What are the prime factors of (-3 + 5 - w) + 511?
5, 103
Let u(b) be the second derivative of 37*b**3/2 - 141*b**2/2 - 2*b - 8. What are the prime factors of u(16)?
3, 5, 109
Let j = -10217 + 40611. Suppose -42*z - j = -68*z. List the prime factors of z.
7, 167
Let w(q) = -2 + 35*q - 10 + 40 - 7. What are the prime factors of w(6)?
3, 7, 11
Suppose 0 = -v - 571 + 81. Let c be (0 - -33)*496/(-48). Let j = c - v. List the prime factors of j.
149
Suppose -4*g - 13*x - 1936 = -8*x, 20 = -5*x. Let k = g - -1259. What are the prime factors of k?
2, 3, 5, 13
Let l(t) = 154*t**3 + 87*t**3 + 60 - 62 + t. Let s be l(1). Suppose -v - 3*o = -4*v + s, 2 = -o. List the prime factors of v.
2, 3, 13
Let v be 0/(((-8)/(-6))/((-2)/3)). Suppose 4*t + 4 = -c - v*t, c - 5*t = 32. Suppose w - 4*x - 131 = -0*x, -c = 3*x. What are the prime factors of w?
5, 23
List the prime factors of (-78)/144*-11332 + (-1 - (-10)/12).
2, 3, 11, 31
Suppose 2*f + 2*y - 37530 = 0, -13727 - 80070 = -5*f + 2*y. Suppose 20631 = 32*s - f. What are the prime factors of s?
1231
Suppose -255495 - 246777 = -32*j. List the prime factors of j.
2, 3, 109
Let f(t) = -2 + 40 - 10*t - 6. Let g be f(17). Let s = g + 200. List the prime factors of s.
2, 31
Let m(n) = 9*n**2 + 29*n + 20. Let o be m(-8). Let g = 612 - o. List the prime factors of g.
2, 31
List the prime factors of 673140/40 - (-4 + 1/(-2) + 2).
16831
Suppose 76 = -12*n + 11*n. Let m = n - -650. What are the prime factors of m?
2, 7, 41
Let h(r) = 25*r**2 + 65*r - 30. What are the prime factors of h(-16)?
2, 5, 13, 41
Suppose m + 747428 + 154864 = 11*b, -5*b = -m - 410136. What are the prime factors of b?
2, 3, 7, 31
Suppose -3*q + 16 + 8 = 3*i, 0 = 2*i - 5*q - 2. Suppose 7*b - 4*b - 6 = 3*s, -2*b - 3*s = i. Suppose 2*f - 80 = -b*f. What are the prime factors of f?
2, 5
Let t be -2 - -1 - (-4)/(-2)*-1. Let u(b) = 3*b + 1. Let p be u(t). Suppose p*q - 136 - 42 = -3*c, 6 = -3*c. List the prime factors of q.
2, 23
Let q(b) = b**2 - 8*b - 43. Let g be (1 + 23)*(20/5)/(-8). List the prime factors of q(g).
197
Let n = -1407 + 403. Let g = n + 1509. List the prime factors of g.
5, 101
Let s be (38 + 26